is the remainder when 30746688 is divided by 180?
168
What is the remainder when 30884987 is divided by 1616?
1611
Calculate the remainder when 13555367 is divided by 380.
7
Calculate the remainder when 18434493 is divided by 3206.
3199
Calculate the remainder when 107122 is divided by 39.
28
What is the remainder when 3896686 is divided by 137?
132
What is the remainder when 3790859 is divided by 680?
539
What is the remainder when 4264644 is divided by 473847?
21
What is the remainder when 118025 is divided by 2271?
2204
Calculate the remainder when 44296 is divided by 20723.
2850
Calculate the remainder when 1360072 is divided by 75549.
190
What is the remainder when 424922 is divided by 197?
190
Calculate the remainder when 178649 is divided by 2237.
1926
Calculate the remainder when 514736 is divided by 2440.
2336
Calculate the remainder when 30179 is divided by 506.
325
Calculate the remainder when 1096358 is divided by 56.
46
Calculate the remainder when 8240855 is divided by 358297.
24
What is the remainder when 127257711 is divided by 258?
243
Calculate the remainder when 3162936 is divided by 309.
12
What is the remainder when 56876 is divided by 318?
272
Calculate the remainder when 576748 is divided by 8.
4
Calculate the remainder when 607252 is divided by 1135.
27
What is the remainder when 251591 is divided by 2?
1
Calculate the remainder when 880585 is divided by 66.
13
Calculate the remainder when 1035275 is divided by 21.
17
What is the remainder when 582493 is divided by 291210?
73
What is the remainder when 357853 is divided by 357852?
1
Calculate the remainder when 9406037 is divided by 18.
11
What is the remainder when 23069 is divided by 1548?
1397
What is the remainder when 5501888 is divided by 916977?
26
Calculate the remainder when 93120494 is divided by 112.
110
Calculate the remainder when 15292913 is divided by 62.
55
Calculate the remainder when 12292548 is divided by 6146274.
0
What is the remainder when 67171522 is divided by 12?
10
What is the remainder when 177925465 is divided by 2278?
2275
What is the remainder when 722475 is divided by 722375?
100
Calculate the remainder when 23191321 is divided by 1288406.
13
Calculate the remainder when 18051 is divided by 8658.
735
Calculate the remainder when 2610457 is divided by 2610422.
35
Calculate the remainder when 182756 is divided by 60912.
20
Calculate the remainder when 101616020 is divided by 552.
548
Calculate the remainder when 30171 is divided by 312.
219
What is the remainder when 412412 is divided by 1492?
620
Calculate the remainder when 807308 is divided by 807287.
21
Calculate the remainder when 8478745 is divided by 1493.
1491
What is the remainder when 11580 is divided by 2688?
828
What is the remainder when 85925 is divided by 16847?
1690
Calculate the remainder when 105677 is divided by 24947.
5889
Calculate the remainder when 817127 is divided by 2139.
29
Calculate the remainder when 1924600 is divided by 1283.
100
What is the remainder when 105105 is divided by 312?
273
What is the remainder when 1168980 is divided by 2757?
12
Calculate the remainder when 1089504177 is divided by 60.
57
What is the remainder when 677286 is divided by 101?
81
Calculate the remainder when 32996904 is divided by 226.
0
Calculate the remainder when 1149485 is divided by 574725.
35
Calculate the remainder when 114143258 is divided by 94.
92
What is the remainder when 69176 is divided by 34378?
420
What is the remainder when 4928390 is divided by 22?
16
Calculate the remainder when 29180194 is divided by 221062.
10
Calculate the remainder when 67631874 is divided by 9.
6
What is the remainder when 46957906 is divided by 174?
4
Calculate the remainder when 457568059 is divided by 25.
9
Calculate the remainder when 25657515 is divided by 342.
333
Calculate the remainder when 247146 is divided by 2223.
393
Calculate the remainder when 1206302 is divided by 4046.
594
Calculate the remainder when 263162 is divided by 520.
42
Calculate the remainder when 13521 is divided by 493.
210
What is the remainder when 1017847 is divided by 72699?
61
Calculate the remainder when 4237357 is divided by 743.
28
Calculate the remainder when 11184953 is divided by 1237.
1236
Calculate the remainder when 136507634 is divided by 6077.
6060
Calculate the remainder when 3641826 is divided by 78.
6
What is the remainder when 190491 is divided by 436?
395
What is the remainder when 8170770 is divided by 566?
560
What is the remainder when 3734091 is divided by 56573?
273
What is the remainder when 26387980 is divided by 618?
616
What is the remainder when 19738868 is divided by 6823?
6752
What is the remainder when 25020 is divided by 8121?
657
Calculate the remainder when 756 is divided by 574.
182
Calculate the remainder when 4015848 is divided by 1338616.
0
What is the remainder when 27113 is divided by 6709?
277
What is the remainder when 552931 is divided by 2111?
1960
What is the remainder when 1621225 is divided by 519?
388
What is the remainder when 586375 is divided by 116267?
5040
What is the remainder when 6010586 is divided by 18550?
386
What is the remainder when 1170155 is divided by 67?
0
Calculate the remainder when 2751455 is divided by 49.
7
Calculate the remainder when 41279510 is divided by 305774.
20
What is the remainder when 6858767 is divided by 3429380?
7
What is the remainder when 1692922 is divided by 889?
266
Calculate the remainder when 30796127 is divided by 22.
21
What is the remainder when 1927717 is divided by 5296?
5269
Calculate the remainder when 16157791 is divided by 403.
312
What is the remainder when 1971483 is divided by 11?
8
What is the remainder when 7806488 is divided by 7974?
7916
Calculate the remainder when 2653 is divided by 6.
1
Calculate the remainder when 114201724 is divided by 752.
748
What is the remainder when 4754888 is divided by 697?
651
What is the remainder when 48190300 is divided by 4426?
12
Calculate the remainder when 69050 is divided by 456.
194
What is the remainder when 233240632 is divided by 9?
7
Calculate the remainder when 268454 is divided by 22341.
362
Calculate the remainder when 958224 is divided by 189.
183
What is the remainder when 8056160 is divided by 1156?
1152
Calculate the remainder when 12133030 is divided by 278.
276
What is the remainder when 24119846 is divided by 917?
912
Calculate the remainder when 5129554 is divided by 14.
10
Calculate the remainder when 11306483 is divided by 2.
1
Calculate the remainder when 689663 is divided by 785.
433
What is the remainder when 29488 is divided by 8635?
3583
What is the remainder when 177541 is divided by 58862?
955
Calculate the remainder when 330572 is divided by 1200.
572
What is the remainder when 4132018 is divided by 1013?
1004
What is the remainder when 2305994 is divided by 455?
54
Calculate the remainder when 1012605 is divided by 2686.
2669
What is the remainder when 482345 is divided by 34453?
3
What is the remainder when 13876533 is divided by 1041?
3
Calculate the remainder when 168361 is divided by 765.
61
Calculate the remainder when 10988 is divided by 10978.
10
What is the remainder when 988335 is divided by 70595?
5
Calculate the remainder when 5551133 is divided by 7.
0
What is the remainder when 1585860 is divided by 39646?
20
What is the remainder when 6466737 is divided by 18?
3
What is the remainder when 2308934 is divided by 19082?
12
What is the remainder when 315217 is divided by 5?
2
What is the remainder when 275545 is divided by 3204?
1
Calculate the remainder when 35345 is divided by 1839.
404
What is the remainder when 631392367 is divided by 70?
67
Calculate the remainder when 71074961 is divided by 3886.
21
Calculate the remainder when 221899 is divided by 1057.
986
Calculate the remainder when 33711968 is divided by 16855983.
2
What is the remainder when 9090243 is divided by 659?
656
Calculate the remainder when 8603348 is divided by 114.
110
What is the remainder when 2719829 is divided by 1102?
93
Calculate the remainder when 8015339 is divided by 2671715.
194
Calculate the remainder when 49078 is divided by 7895.
1708
Calculate the remainder when 30833078 is divided by 1484.
10
What is the remainder when 7548 is divided by 